{"id":90,"date":"2023-11-27T00:07:43","date_gmt":"2023-11-26T23:07:43","guid":{"rendered":"http:\/\/hochhaus4.alfahosting.org\/?page_id=90"},"modified":"2025-02-20T11:06:03","modified_gmt":"2025-02-20T10:06:03","slug":"fotowettbewerbe","status":"publish","type":"page","link":"https:\/\/fotoverein-goldener-schnitt.de\/?page_id=90","title":{"rendered":"Aktivit\u00e4ten"},"content":{"rendered":"\t\t<div data-elementor-type=\"wp-page\" data-elementor-id=\"90\" class=\"elementor elementor-90\" data-elementor-post-type=\"page\">\n\t\t\t\t\t\t\t<div class=\"elementor-element elementor-element-1d16fd9c e-flex e-con-boxed e-con e-parent\" data-id=\"1d16fd9c\" data-element_type=\"container\" data-settings=\"{&quot;content_width&quot;:&quot;boxed&quot;}\" data-core-v316-plus=\"true\">\n\t\t\t\t\t<div class=\"e-con-inner\">\n\t\t\t\t<div class=\"elementor-element elementor-element-31222b2b elementor-widget elementor-widget-text-editor\" data-id=\"31222b2b\" data-element_type=\"widget\" data-widget_type=\"text-editor.default\">\n\t\t\t\t<div class=\"elementor-widget-container\">\n\t\t\t<style>\/*! elementor - v3.17.0 - 25-10-2023 *\/\n.elementor-widget-text-editor.elementor-drop-cap-view-stacked .elementor-drop-cap{background-color:#69727d;color:#fff}.elementor-widget-text-editor.elementor-drop-cap-view-framed .elementor-drop-cap{color:#69727d;border:3px solid;background-color:transparent}.elementor-widget-text-editor:not(.elementor-drop-cap-view-default) .elementor-drop-cap{margin-top:8px}.elementor-widget-text-editor:not(.elementor-drop-cap-view-default) .elementor-drop-cap-letter{width:1em;height:1em}.elementor-widget-text-editor .elementor-drop-cap{float:left;text-align:center;line-height:1;font-size:50px}.elementor-widget-text-editor .elementor-drop-cap-letter{display:inline-block}<\/style>\t\t\t\t<!-- wp:divi\/placeholder \/-->\t\t\t\t\t\t<\/div>\n\t\t\t\t<\/div>\n\t\t\t\t<div class=\"elementor-element elementor-element-9af41b4 elementor-widget elementor-widget-heading\" data-id=\"9af41b4\" data-element_type=\"widget\" data-widget_type=\"heading.default\">\n\t\t\t\t<div class=\"elementor-widget-container\">\n\t\t\t<style>\/*! elementor - v3.17.0 - 25-10-2023 *\/\n.elementor-heading-title{padding:0;margin:0;line-height:1}.elementor-widget-heading .elementor-heading-title[class*=elementor-size-]>a{color:inherit;font-size:inherit;line-height:inherit}.elementor-widget-heading .elementor-heading-title.elementor-size-small{font-size:15px}.elementor-widget-heading .elementor-heading-title.elementor-size-medium{font-size:19px}.elementor-widget-heading .elementor-heading-title.elementor-size-large{font-size:29px}.elementor-widget-heading .elementor-heading-title.elementor-size-xl{font-size:39px}.elementor-widget-heading .elementor-heading-title.elementor-size-xxl{font-size:59px}<\/style><h2 class=\"elementor-heading-title elementor-size-default\">Aktivit\u00e4ten<\/h2>\t\t<\/div>\n\t\t\t\t<\/div>\n\t\t\t\t\t<\/div>\n\t\t\t\t<\/div>\n\t\t<div class=\"elementor-element elementor-element-a90b496 e-flex e-con-boxed e-con e-parent\" data-id=\"a90b496\" data-element_type=\"container\" data-settings=\"{&quot;content_width&quot;:&quot;boxed&quot;}\" data-core-v316-plus=\"true\">\n\t\t\t\t\t<div class=\"e-con-inner\">\n\t\t\t\t<div class=\"elementor-element elementor-element-b81b75b elementor-widget elementor-widget-text-editor\" data-id=\"b81b75b\" data-element_type=\"widget\" data-widget_type=\"text-editor.default\">\n\t\t\t\t<div class=\"elementor-widget-container\">\n\t\t\t\t\t\t\t<p data-start=\"183\" data-end=\"421\">Der Fotoclub <a href=\"https:\/\/fotoverein-goldener-schnitt.de\"><strong data-start=\"196\" data-end=\"227\">Goldener Schnitt Fuldabr\u00fcck<\/strong><\/a> bietet allen Fotografiebegeisterten eine Plattform zum gemeinsamen Austausch, Lernen und kreativen Gestalten. Unser Verein organisiert regelm\u00e4\u00dfig spannende Aktivit\u00e4ten rund um die Fotografie:<\/p>\n<p data-start=\"423\" data-end=\"630\">\ud83d\udcf8 <strong data-start=\"426\" data-end=\"453\">Fotowalks &amp; Exkursionen<\/strong> \u2013 Gemeinsam erkunden wir interessante Orte und setzen unterschiedliche Fotothemen in Szene, von Natur- und Landschaftsfotografie bis hin zu Street- und Architekturfotografie.<\/p>\n<p data-start=\"632\" data-end=\"829\">\ud83c\udf93 <strong data-start=\"635\" data-end=\"659\">Workshops &amp; Vortr\u00e4ge<\/strong> \u2013 Ob Bildkomposition, Kameratechnik oder Bildbearbeitung \u2013 unsere Mitglieder profitieren von praxisnahen Schulungen und inspirierenden Vortr\u00e4gen erfahrener Fotografen.<\/p>\n<p data-start=\"831\" data-end=\"1034\">\ud83d\uddbc <strong data-start=\"834\" data-end=\"869\">Bildbesprechungen &amp; Analysen<\/strong>\u00a0\u2013 In regelm\u00e4\u00dfigen Treffen analysieren und diskutieren wir unsere Fotos, um voneinander zu lernen. Wir unterst\u00fctzen uns gegenseitig um unsere Fotografie zum n\u00e4chsten Level zu bringen.<\/p>\n<p data-start=\"1036\" data-end=\"1220\">\ud83c\udfad <strong data-start=\"1039\" data-end=\"1078\">Gemeinsame Projekte &amp; Ausstellungen<\/strong> \u2013 Unsere Mitglieder haben die M\u00f6glichkeit, an kreativen Foto-Projekten mitzuwirken und ihre Werke in lokalen Ausstellungen zu pr\u00e4sentieren.<\/p>\n<p data-start=\"1222\" data-end=\"1436\">\ud83d\udcc5 <strong data-start=\"1225\" data-end=\"1256\">Geselligkeit &amp; Vereinsleben<\/strong> \u2013 Neben der Fotografie kommt auch das Miteinander nicht zu kurz. Gemeinsame Treffen, Ausfl\u00fcge und Veranstaltungen sorgen f\u00fcr eine angenehme Atmosph\u00e4re und einen regen Austausch.<\/p>\n<p data-start=\"1438\" data-end=\"1543\"><strong>Egal, ob Anf\u00e4nger oder Profi \u2013 bei uns ist jeder willkommen, der die Leidenschaft f\u00fcr Fotografie teilt!<\/strong><\/p>\t\t\t\t\t\t<\/div>\n\t\t\t\t<\/div>\n\t\t\t\t\t<\/div>\n\t\t\t\t<\/div>\n\t\t<div class=\"elementor-element elementor-element-2aab20e e-flex e-con-boxed e-con e-parent\" data-id=\"2aab20e\" data-element_type=\"container\" data-settings=\"{&quot;content_width&quot;:&quot;boxed&quot;}\" data-core-v316-plus=\"true\">\n\t\t\t\t\t<div class=\"e-con-inner\">\n\t\t\t\t<div class=\"elementor-element elementor-element-70e8ebc elementor-widget-divider--view-line elementor-widget elementor-widget-divider\" data-id=\"70e8ebc\" data-element_type=\"widget\" data-widget_type=\"divider.default\">\n\t\t\t\t<div class=\"elementor-widget-container\">\n\t\t\t<style>\/*! elementor - v3.17.0 - 25-10-2023 *\/\n.elementor-widget-divider{--divider-border-style:none;--divider-border-width:1px;--divider-color:#0c0d0e;--divider-icon-size:20px;--divider-element-spacing:10px;--divider-pattern-height:24px;--divider-pattern-size:20px;--divider-pattern-url:none;--divider-pattern-repeat:repeat-x}.elementor-widget-divider .elementor-divider{display:flex}.elementor-widget-divider .elementor-divider__text{font-size:15px;line-height:1;max-width:95%}.elementor-widget-divider .elementor-divider__element{margin:0 var(--divider-element-spacing);flex-shrink:0}.elementor-widget-divider .elementor-icon{font-size:var(--divider-icon-size)}.elementor-widget-divider .elementor-divider-separator{display:flex;margin:0;direction:ltr}.elementor-widget-divider--view-line_icon .elementor-divider-separator,.elementor-widget-divider--view-line_text .elementor-divider-separator{align-items:center}.elementor-widget-divider--view-line_icon .elementor-divider-separator:after,.elementor-widget-divider--view-line_icon .elementor-divider-separator:before,.elementor-widget-divider--view-line_text .elementor-divider-separator:after,.elementor-widget-divider--view-line_text .elementor-divider-separator:before{display:block;content:\"\";border-bottom:0;flex-grow:1;border-top:var(--divider-border-width) var(--divider-border-style) var(--divider-color)}.elementor-widget-divider--element-align-left .elementor-divider .elementor-divider-separator>.elementor-divider__svg:first-of-type{flex-grow:0;flex-shrink:100}.elementor-widget-divider--element-align-left .elementor-divider-separator:before{content:none}.elementor-widget-divider--element-align-left .elementor-divider__element{margin-left:0}.elementor-widget-divider--element-align-right .elementor-divider .elementor-divider-separator>.elementor-divider__svg:last-of-type{flex-grow:0;flex-shrink:100}.elementor-widget-divider--element-align-right .elementor-divider-separator:after{content:none}.elementor-widget-divider--element-align-right .elementor-divider__element{margin-right:0}.elementor-widget-divider:not(.elementor-widget-divider--view-line_text):not(.elementor-widget-divider--view-line_icon) .elementor-divider-separator{border-top:var(--divider-border-width) var(--divider-border-style) var(--divider-color)}.elementor-widget-divider--separator-type-pattern{--divider-border-style:none}.elementor-widget-divider--separator-type-pattern.elementor-widget-divider--view-line .elementor-divider-separator,.elementor-widget-divider--separator-type-pattern:not(.elementor-widget-divider--view-line) .elementor-divider-separator:after,.elementor-widget-divider--separator-type-pattern:not(.elementor-widget-divider--view-line) .elementor-divider-separator:before,.elementor-widget-divider--separator-type-pattern:not([class*=elementor-widget-divider--view]) .elementor-divider-separator{width:100%;min-height:var(--divider-pattern-height);-webkit-mask-size:var(--divider-pattern-size) 100%;mask-size:var(--divider-pattern-size) 100%;-webkit-mask-repeat:var(--divider-pattern-repeat);mask-repeat:var(--divider-pattern-repeat);background-color:var(--divider-color);-webkit-mask-image:var(--divider-pattern-url);mask-image:var(--divider-pattern-url)}.elementor-widget-divider--no-spacing{--divider-pattern-size:auto}.elementor-widget-divider--bg-round{--divider-pattern-repeat:round}.rtl .elementor-widget-divider .elementor-divider__text{direction:rtl}.e-con-inner>.elementor-widget-divider,.e-con>.elementor-widget-divider{width:var(--container-widget-width,100%);--flex-grow:var(--container-widget-flex-grow)}<\/style>\t\t<div class=\"elementor-divider\">\n\t\t\t<span class=\"elementor-divider-separator\">\n\t\t\t\t\t\t<\/span>\n\t\t<\/div>\n\t\t\t\t<\/div>\n\t\t\t\t<\/div>\n\t\t\t\t\t<\/div>\n\t\t\t\t<\/div>\n\t\t<div class=\"elementor-element elementor-element-24022e6 e-flex e-con-boxed e-con e-parent\" data-id=\"24022e6\" data-element_type=\"container\" data-settings=\"{&quot;content_width&quot;:&quot;boxed&quot;}\" data-core-v316-plus=\"true\">\n\t\t\t\t\t<div class=\"e-con-inner\">\n\t\t\t\t<div class=\"elementor-element elementor-element-3f55056 elementor-widget elementor-widget-html\" data-id=\"3f55056\" data-element_type=\"widget\" data-widget_type=\"html.default\">\n\t\t\t\t<div class=\"elementor-widget-container\">\n\t\t\t<blockquote class=\"instagram-media\" data-instgrm-permalink=\"https:\/\/www.instagram.com\/goldener_schnitt_ev\/\" data-instgrm-version=\"14\"><\/blockquote>\n<script async src=\"https:\/\/www.instagram.com\/embed.js\"><\/script>\t\t<\/div>\n\t\t\t\t<\/div>\n\t\t\t\t\t<\/div>\n\t\t\t\t<\/div>\n\t\t\t\t\t\t\t<\/div>\n\t\t","protected":false},"excerpt":{"rendered":"<p>Aktivit\u00e4ten Der Fotoclub Goldener Schnitt Fuldabr\u00fcck bietet allen Fotografiebegeisterten eine Plattform zum gemeinsamen Austausch, Lernen und kreativen Gestalten. Unser Verein organisiert regelm\u00e4\u00dfig spannende Aktivit\u00e4ten rund um die Fotografie: \ud83d\udcf8 Fotowalks &amp; Exkursionen \u2013 Gemeinsam erkunden wir interessante Orte und setzen unterschiedliche Fotothemen in Szene, von Natur- und Landschaftsfotografie bis hin zu Street- und Architekturfotografie. \ud83c\udf93 [&hellip;]<\/p>\n","protected":false},"author":1,"featured_media":0,"parent":0,"menu_order":0,"comment_status":"closed","ping_status":"closed","template":"elementor_header_footer","meta":{"_et_pb_use_builder":"","_et_pb_old_content":"","_et_gb_content_width":"","footnotes":""},"class_list":["post-90","page","type-page","status-publish","hentry"],"_links":{"self":[{"href":"https:\/\/fotoverein-goldener-schnitt.de\/index.php?rest_route=\/wp\/v2\/pages\/90","targetHints":{"allow":["GET"]}}],"collection":[{"href":"https:\/\/fotoverein-goldener-schnitt.de\/index.php?rest_route=\/wp\/v2\/pages"}],"about":[{"href":"https:\/\/fotoverein-goldener-schnitt.de\/index.php?rest_route=\/wp\/v2\/types\/page"}],"author":[{"embeddable":true,"href":"https:\/\/fotoverein-goldener-schnitt.de\/index.php?rest_route=\/wp\/v2\/users\/1"}],"replies":[{"embeddable":true,"href":"https:\/\/fotoverein-goldener-schnitt.de\/index.php?rest_route=%2Fwp%2Fv2%2Fcomments&post=90"}],"version-history":[{"count":10,"href":"https:\/\/fotoverein-goldener-schnitt.de\/index.php?rest_route=\/wp\/v2\/pages\/90\/revisions"}],"predecessor-version":[{"id":2681,"href":"https:\/\/fotoverein-goldener-schnitt.de\/index.php?rest_route=\/wp\/v2\/pages\/90\/revisions\/2681"}],"wp:attachment":[{"href":"https:\/\/fotoverein-goldener-schnitt.de\/index.php?rest_route=%2Fwp%2Fv2%2Fmedia&parent=90"}],"curies":[{"name":"wp","href":"https:\/\/api.w.org\/{rel}","templated":true}]}}