{"id":96,"date":"2023-11-27T00:11:00","date_gmt":"2023-11-26T23:11:00","guid":{"rendered":"http:\/\/hochhaus4.alfahosting.org\/?page_id=96"},"modified":"2023-11-29T19:13:45","modified_gmt":"2023-11-29T18:13:45","slug":"ueber-uns","status":"publish","type":"page","link":"https:\/\/fotoverein-goldener-schnitt.de\/?page_id=96","title":{"rendered":"\u00dcber Uns"},"content":{"rendered":"\t\t<div data-elementor-type=\"wp-page\" data-elementor-id=\"96\" class=\"elementor elementor-96\" data-elementor-post-type=\"page\">\n\t\t\t\t\t\t\t<div class=\"elementor-element elementor-element-3baa1de e-flex e-con-boxed e-con e-parent\" data-id=\"3baa1de\" data-element_type=\"container\" data-settings=\"{&quot;content_width&quot;:&quot;boxed&quot;}\" data-core-v316-plus=\"true\">\n\t\t\t\t\t<div class=\"e-con-inner\">\n\t\t\t\t<div class=\"elementor-element elementor-element-78a9993 elementor-widget elementor-widget-text-editor\" data-id=\"78a9993\" data-element_type=\"widget\" data-widget_type=\"text-editor.default\">\n\t\t\t\t<div class=\"elementor-widget-container\">\n\t\t\t<style>\/*! elementor - v3.17.0 - 25-10-2023 *\/\n.elementor-widget-text-editor.elementor-drop-cap-view-stacked .elementor-drop-cap{background-color:#69727d;color:#fff}.elementor-widget-text-editor.elementor-drop-cap-view-framed .elementor-drop-cap{color:#69727d;border:3px solid;background-color:transparent}.elementor-widget-text-editor:not(.elementor-drop-cap-view-default) .elementor-drop-cap{margin-top:8px}.elementor-widget-text-editor:not(.elementor-drop-cap-view-default) .elementor-drop-cap-letter{width:1em;height:1em}.elementor-widget-text-editor .elementor-drop-cap{float:left;text-align:center;line-height:1;font-size:50px}.elementor-widget-text-editor .elementor-drop-cap-letter{display:inline-block}<\/style>\t\t\t\t<p><!-- wp:paragraph --><\/p><p><strong>Wer sind wir?<\/strong><\/p><p><!-- \/wp:paragraph --> <!-- wp:paragraph --><\/p><p>Wir sind eine engagierte Gruppe von Fotobegeisterten, die unabh\u00e4ngig von fotografischer Erfahrung und Kenntnissen eine gemeinsame Leidenschaft teilen: die Liebe zur Fotografie. Unser Fotoverein l\u00e4dt herzlich dazu ein, Teil unserer Gemeinschaft zu werden, ganz gleich, ob Sie neu in der Fotografie sind oder bereits Erfahrung mitbringen.<\/p><p><!-- \/wp:paragraph --> <!-- wp:paragraph --><\/p><p><strong>Wo finden Sie uns?<\/strong><\/p><p><!-- \/wp:paragraph --> <!-- wp:paragraph --><\/p><p>Sie sind herzlich eingeladen, uns jeden Mittwoch um 18:30 Uhr in unserem Clubraum im Dorfgemeinschaftshaus in D\u00f6rnhagen zu besuchen. Hier diskutieren wir \u00fcber verschiedene fotografische Themen, bieten Raum f\u00fcr Theorie und Praxis, tauschen Gedanken aus und besprechen Bilder. Zus\u00e4tzlich legen wir Wert auf die Vermittlung von Wissen zur digitalen Bildbearbeitung.<\/p><p><!-- \/wp:paragraph --> <!-- wp:paragraph --><\/p><p><strong>Was machen wir?<\/strong><\/p><p><!-- \/wp:paragraph --> <!-- wp:paragraph --><\/p><p>Unsere Aktivit\u00e4ten umfassen nicht nur Treffen und Diskussionen, sondern auch gemeinsame Fototouren, vereinsinterne Wettbewerbe mit verschiedenen Themen und Ausstellungen, bei denen wir unsere Werke der \u00d6ffentlichkeit pr\u00e4sentieren.<\/p><p><!-- \/wp:paragraph --> <!-- wp:paragraph --><\/p><p><strong>Warum tun wir es?<\/strong><\/p><p><!-- \/wp:paragraph --> <!-- wp:paragraph --><\/p><p>Unser Hauptziel ist es, unsere technischen und gestalterischen F\u00e4higkeiten in der Fotografie zu verbessern. Wir sch\u00e4tzen die Vielfalt innerhalb unserer Gruppe, denn jeder bringt unterschiedliches Wissen und K\u00f6nnen mit, was jedem einzelnen zugutekommt. Der Austausch \u00fcber verschiedene Genres ist besonders wertvoll und erweitert unsere eigenen fotografischen Techniken und Stile.<\/p><p><!-- \/wp:paragraph --> <!-- wp:paragraph --><\/p><p>Gemeinsame Fototouren erweitern unseren Horizont und f\u00f6rdern unsere Kreativit\u00e4t. Konstruktive Kritik an unseren Bildern ist bei uns willkommen, da sie uns neue Perspektiven er\u00f6ffnet und uns hilft, alternative Interpretationen zu entdecken.<\/p><p><!-- \/wp:paragraph --> <!-- wp:paragraph --><\/p><p>Durch unsere Fotogruppe haben wir die M\u00f6glichkeit, unsere Bilder nicht nur auf Festplatten zu speichern, sondern sie auch gro\u00dfformatig bei Ausstellungen einer breiteren \u00d6ffentlichkeit zu pr\u00e4sentieren.<\/p><p><!-- \/wp:paragraph --><\/p>\t\t\t\t\t\t<\/div>\n\t\t\t\t<\/div>\n\t\t\t\t\t<\/div>\n\t\t\t\t<\/div>\n\t\t\t\t\t\t\t<\/div>\n\t\t","protected":false},"excerpt":{"rendered":"<p>Wer sind wir? Wir sind eine engagierte Gruppe von Fotobegeisterten, die unabh\u00e4ngig von fotografischer Erfahrung und Kenntnissen eine gemeinsame Leidenschaft teilen: die Liebe zur Fotografie. Unser Fotoverein l\u00e4dt herzlich dazu ein, Teil unserer Gemeinschaft zu werden, ganz gleich, ob Sie neu in der Fotografie sind oder bereits Erfahrung mitbringen. Wo finden Sie uns? Sie sind [&hellip;]<\/p>\n","protected":false},"author":1,"featured_media":0,"parent":0,"menu_order":0,"comment_status":"closed","ping_status":"closed","template":"elementor_header_footer","meta":{"_et_pb_use_builder":"off","_et_pb_old_content":"","_et_gb_content_width":"","footnotes":""},"class_list":["post-96","page","type-page","status-publish","hentry"],"_links":{"self":[{"href":"https:\/\/fotoverein-goldener-schnitt.de\/index.php?rest_route=\/wp\/v2\/pages\/96","targetHints":{"allow":["GET"]}}],"collection":[{"href":"https:\/\/fotoverein-goldener-schnitt.de\/index.php?rest_route=\/wp\/v2\/pages"}],"about":[{"href":"https:\/\/fotoverein-goldener-schnitt.de\/index.php?rest_route=\/wp\/v2\/types\/page"}],"author":[{"embeddable":true,"href":"https:\/\/fotoverein-goldener-schnitt.de\/index.php?rest_route=\/wp\/v2\/users\/1"}],"replies":[{"embeddable":true,"href":"https:\/\/fotoverein-goldener-schnitt.de\/index.php?rest_route=%2Fwp%2Fv2%2Fcomments&post=96"}],"version-history":[{"count":7,"href":"https:\/\/fotoverein-goldener-schnitt.de\/index.php?rest_route=\/wp\/v2\/pages\/96\/revisions"}],"predecessor-version":[{"id":247,"href":"https:\/\/fotoverein-goldener-schnitt.de\/index.php?rest_route=\/wp\/v2\/pages\/96\/revisions\/247"}],"wp:attachment":[{"href":"https:\/\/fotoverein-goldener-schnitt.de\/index.php?rest_route=%2Fwp%2Fv2%2Fmedia&parent=96"}],"curies":[{"name":"wp","href":"https:\/\/api.w.org\/{rel}","templated":true}]}}